- 167 = 3*t. Let o = t - -61. Let b(l) = 15*l + 8. What is the tens digit of b(o)?
6
Suppose 0 = -214*z - 672004 + 3240432. What is the thousands digit of z?
2
Let n(w) = -531*w + 130. Let u be n(-6). Let p = -2337 + u. What is the tens digit of p?
7
What is the ten thousands digit of -99820*(-195)/260 + (-1 - (7 + 0))?
7
Suppose -4 = 4*y - 16. Let n = -625 - -626. What is the units digit of y - (-9 - -3) - n?
8
Let z(c) = 65*c**2 + 49*c + 235. What is the hundreds digit of z(-4)?
0
Suppose 0 = -31*x - 166*x + 2999182 - 17981. What is the tens digit of x?
3
Let a(c) = -2*c + 59*c + 85*c + 7 - 37*c. What is the hundreds digit of a(1)?
1
Let c = 47 + -38. Let i = c + -20. Let v(s) = -2*s - 9. What is the units digit of v(i)?
3
Let n(p) be the second derivative of -p**3/3 - 21*p. Let d be n(-1). What is the units digit of 66 - (3 - 2)*d?
4
Let y(x) = 52*x**2 + 28*x - 25*x**2 + 112*x**2. What is the hundreds digit of y(-1)?
1
Suppose 173848 = 93*z + 25141. What is the hundreds digit of z?
5
Let o(b) = b**3 - 13*b**2 + 10*b + 27. Let j be o(12). Suppose -4*m - 3*g = -259, j*g + 317 = -0*m + 5*m. What is the tens digit of m?
6
Let o(w) = 17*w**2 + 1. Let r be o(-1). Let u be ((6 - 4)*1)/(2/r). What is the hundreds digit of (217/(-3))/(u/(-54))?
2
Let a(q) = -q**3 + 12*q**2 + q - 12. Let u be a(12). Suppose 28*w - 9*w - 10792 = u. What is the hundreds digit of w?
5
Let f = -2231 - -6005. Suppose -10*w = 4 - f. What is the units digit of w?
7
Suppose 105 = 17*s + 20. Suppose 5*y = s*j + 1091 - 86, -5*y + 4*j + 1008 = 0. What is the units digit of y?
4
What is the hundreds digit of -8 - (112380/(-72) + (-2)/12)?
5
Suppose -l + 5*o + 7552 = 0, 143*o = 3*l + 146*o - 22764. What is the units digit of l?
2
Let k(n) = 9*n**2 + 65*n - 2585. What is the tens digit of k(74)?
0
Suppose -3159 = -2*l - 377. Suppose 5*o - l = 4*o. Suppose 0 = -3*f + 16*f - o. What is the hundreds digit of f?
1
Suppose 3*n + 42 = 17*n. Let z(i) = -5*i + 6*i**2 - 4*i**2 + 4 + 5*i**2 - 2. What is the units digit of z(n)?
0
Suppose 2*z - 2*l = 16896, -8433 = -220*z + 219*z - 4*l. What is the tens digit of z?
4
Let c(n) = 642*n + 419. What is the tens digit of c(9)?
9
Let m = 57977 + -31113. Suppose -6*j - 17*j + m = 0. What is the thousands digit of j?
1
Let v(a) = 21*a**2 + 8*a - 1. Let s(l) = -l**2 - 10*l - 12. Let w be s(-9). Let u be v(w). Let b = -24 + u. What is the tens digit of b?
4
Let w(m) = -2*m**3 - m**2 + 3*m + 2. Let i be w(-2). Let x(o) = 6*o - i + 2*o**2 - 1 - 9 + 4. What is the units digit of x(-6)?
2
Suppose -h - 2*y - 306 = 0, -4*h + 3*y = -0*y + 1224. Let u = h + 753. Suppose 7*p = 4*p + u. What is the hundreds digit of p?
1
Let v(t) = -t + 1. Let k(d) = -24*d + 44. Let n(q) = k(q) - 8*v(q). What is the tens digit of n(-24)?
2
Let g(t) = t - 6. Let j be g(3). Let w be 4 + 8/12*j + 1. Let s(q) = 10*q + 5. What is the tens digit of s(w)?
3
Let v(y) = -y**3 + 5*y**2 - 4*y - 1. Let r be v(3). Suppose -2*h = -j + r + 6, -2*j = -3*h - 17. What is the hundreds digit of ((-464)/20)/1*h?
1
Let w(h) = -2*h**2 - 20*h + 3. Let s be w(-10). Suppose -2*k + s*k = -4*k. Suppose k = -12*p + 1523 + 1117. What is the hundreds digit of p?
2
Suppose -6*s + 1602 = 120. Let j = s + 754. What is the units digit of j?
1
Let b(z) = 2*z**2 + z + 12. Suppose -9*o + 7*o = -4. Let d be (1/4 - 13/(-4))*o. What is the hundreds digit of b(d)?
1
Let y = 91400 + -53480. What is the ten thousands digit of y?
3
Let n be (1884/18)/((-13)/(-312)). Suppose -12*g = -15884 - n. What is the thousands digit of g?
1
Let r = -3 - -8. Suppose r + 7 = 3*a. Suppose -73 - 74 = -a*m - 5*u, 3*u = 3*m - 144. What is the tens digit of m?
4
Let t(b) = -2*b**3 - 10*b**2 + 24*b - 13. Let c be t(-12). Suppose -l + c = 3*v - 213, -l - 5*v = -1928. What is the hundreds digit of l?
9
Let q(y) = -947*y**3 - 125*y**2 - 380*y - 9. What is the thousands digit of q(-3)?
5
Suppose -58*z + 73*z = 160800. Suppose -19*y + z + 1516 = 0. What is the hundreds digit of y?
6
Let y be 17*(1 - 10/(-2)). What is the hundreds digit of (-255)/y + 421/2?
2
Let t(q) = 138*q + 54. Let z be ((-1)/(-3))/((-11)/66*-1). What is the hundreds digit of t(z)?
3
Let o(z) = -2*z**2 + 16*z - 29. Let m be o(4). Suppose m*u = 0, -2*b + u = 3*u - 1398. What is the hundreds digit of b?
6
Suppose 8*k = -117*k + 133875. What is the tens digit of k?
7
Let r be ((-27)/3)/((-6)/6 - 2). What is the tens digit of (-4*r/(-24))/(14/9492)?
3
Let o(i) = -7 - 24*i + 25*i + 30. Let f be o(0). Suppose -l = g - f, -2*g + 84 - 20 = -4*l. What is the units digit of g?
6
Suppose 4*q + 97578 = 3*u, -406*u + 3*q = -401*u - 162641. What is the units digit of u?
0
What is the units digit of ((-60)/24)/(5/20) - -22505?
5
Let o = -63 + 61. Let z be -5 - o - (-1 - -3). What is the tens digit of z - (4 - (242 - 2))?
3
Suppose -3*p - 3567 = -h, 4*h = -0*h + 12. Let f = -181 - p. What is the units digit of f?
7
Suppose -28*m - 4140 = -116812. What is the thousands digit of m?
4
Suppose -19*s = -101704 - 223593 + 27206. What is the hundreds digit of s?
6
Let g = 49224 - 12780. What is the thousands digit of g?
6
Suppose -13*o = 835 + 686. Let f = 241 + o. What is the tens digit of f?
2
Let f be 20/(-5) - -5 - -314. Suppose 117 = -c + f. What is the units digit of c?
8
What is the units digit of (-2 + 7)/(1 + 0)*21162/10?
1
Let u(z) = -z**2 + 3*z - 13. Let x be u(7). Let g = -37 - x. Suppose v + 4*s = 52, -g*v + 484 = -4*s + 176. What is the units digit of v?
2
Let z = -98 + 110. Suppose -z = -5*l - 37. What is the units digit of 22/55 - -3*(-1)/l?
1
Let u be (-187)/(-34) + (-1)/(-2). Suppose 330 = 7*z - u*z + w, -2*w = -4*z + 1308. What is the units digit of z?
8
Let x(q) = -2*q - 23. Let n(y) = y + 1. Let p(m) = 4*n(m) + x(m). Let b(c) = c**3 - 18*c**2 - 25*c + 134. Let g be b(19). What is the units digit of p(g)?
1
Suppose 12792 = -9*p + 35*p. Let l = 572 - p. What is the units digit of l?
0
Suppose 4*f + 4*z = -620, -4*f - 414 = 2*z + 196. Let q = f + 162. What is the units digit of q?
2
Let k = 10660 + -5999. Let r = -3124 + k. What is the thousands digit of r?
1
Suppose -88*x + 29541 = -85*x + y, 19716 = 2*x - 3*y. What is the hundreds digit of x?
8
Let l(d) = -32*d**3 + d**2 - 5. Let h be l(2). Let i = 46 - h. What is the hundreds digit of i?
3
Let p = 500 - -306. Let m = 1630 - p. What is the units digit of m?
4
Let n = -91 - -23. Let c = 70 + n. Suppose -c*d + 5 + 4 = -3*z, 2*z + 5 = d. What is the units digit of d?
3
Let q = 55 + 45. Let f = 244 + q. What is the tens digit of f?
4
Let k be (9 - 3)*1/2. Suppose -680 = -2*t - 4*s, k*s + 1508 = 5*t - 257. What is the units digit of t?
0
What is the ten thousands digit of (-17)/(119/(-63)) + -7 + 36697?
3
Suppose 2*b + 34 = 5*l + 4, 5*b + 25 = 0. Let r = 586 - 474. Suppose 2*g - r = -5*d, l*g = -4*d + 48 + 200. What is the tens digit of g?
6
Let a(o) = o**3 + 8*o**2 + 8*o - 1. Let h be a(-7). What is the units digit of (5 + (-3240)/(-16))*h/(-10)?
6
What is the units digit of (4206 - (-15 + 8)) + (5 - -1)?
9
Suppose 25*t + 2873030 = 136*t + 122450. What is the thousands digit of t?
4
Let u be 1*22271 + (-2)/((-14)/21). What is the tens digit of (-1)/6 + u/84?
6
Suppose 4*y = p - 4*p - 8793, 0 = -y - 3*p - 2196. Let c be (1/(-1))/(3/y). Suppose 2*i - 4*i = 2*q - 286, -5*q + c = -i. What is the units digit of q?
6
Let q = -11731 + 20585. What is the hundreds digit of q?
8
What is the thousands digit of 4 + 0 + 1455485/97?
5
Let y(r) = -31*r**3 - 5*r - 13. Let d be y(-2). Suppose d*o + 8160 = 250*o. What is the tens digit of o?
3
Let j(y) be the first derivative of 2*y**3/3 + 8*y**2 + 19*y - 4. Let o be j(-18). Suppose -3*a + 7*a = -u + 747, -5*u = -2*a + o. What is the units digit of a?
7
Let m(v) = -v**2 - 7 - 2*v + 11*v + 10*v + 2*v. Let l be ((-7)/((-7)/26))/2. What is the units digit of m(l)?
7
Let q be -1*(-2 - 6 - -2). Suppose 4*v + q*v - 3420 = 0. What is the units digit of v?
2
Let n be 6/(-33) + (-410900)/(-275). Let t = -344 + n. What is the hundreds digit of t?
1
Let g(h) = 1417*h**2 - 36*h - 35. What is the thousands digit of g(-1)?
1
Let h = -18 + 22. Suppose 5*k - 1963 = -5*y + 3*y, -5*k = h*y - 1961. What is the tens digit of k?
9
Let p(w) = -w**2 - 14*w - 3. Let y be p(-17). Let g = y + 54. What is the units digit o